1072. Suppose 0 = u*w - 514*w + 65. What is the remainder when 64 is divided by w?
4
Suppose 14*g - 9*g - 4*f = 2912, -2*g - 4*f + 1204 = 0. What is the remainder when g is divided by 57?
18
Let u(n) = -n**3 + 57*n**2 + 747*n + 14. Let f = 8 - -6. Calculate the remainder when u(-11) is divided by f.
11
Let f = 240 + -231. Let m(q) = q + 50. Let b be m(-12). Suppose 5*t - 10 = 0, w - 3*w - 5*t = -b. What is the remainder when w is divided by f?
5
Let t(v) = -8*v**2 - 37*v + 6. Let h be t(-8). Calculate the remainder when 123 is divided by (-2)/10 + 7/(h/(-1266)).
39
Let n be (-2)/(-2)*13/((-52)/(-8)). Suppose -n*x - 59 = -13. Let t = -4 - x. Calculate the remainder when 36 is divided by t.
17
Suppose 4*s = 2*t - 12, t + t = -5*s + 30. Suppose -5*u = 2*x - 257, t*u + 250 = 15*u - 5*x. Calculate the remainder when 250 is divided by u.
46
Suppose -4*d - 5*a = -17775 + 2584, -5*d = 5*a - 18980. What is the remainder when d is divided by 24?
21
Suppose -a + 205 = -3*w, 2*a - 3*w = -0*w + 401. Let h(d) = d**3 - 37*d**2 + 280*d + 84. Calculate the remainder when a is divided by h(11).
16
Calculate the remainder when (1 - 1105)*((-108)/81)/1 is divided by 164.
160
Let y be -1 + (-6)/(-12)*-1382. Let a = y + 698. Calculate the remainder when 23 is divided by a.
5
Suppose -2*a + 459*p + 138 = 460*p, -3*p = -3*a + 198. What is the remainder when 2039 is divided by a?
67
Let z(f) = 16*f**2 + 72*f - 205. Calculate the remainder when 185 is divided by z(3).
30
Let w(u) = -55*u + 2514. Calculate the remainder when 14754 is divided by w(44).
90
Let m(o) = 199*o**2 + 22*o - 2. What is the remainder when m(1) is divided by 43?
4
Let c = 17705 - 17667. Calculate the remainder when 68 is divided by c.
30
What is the remainder when 531 is divided by -5*(-1712)/(-200)*15/(-6)?
103
Let r(x) = -19*x - 520. Let s(t) = -23*t - 521. Let k(o) = -5*r(o) + 6*s(o). Calculate the remainder when k(-17) is divided by 54.
43
Suppose 0 = l + l + 100. Let g = l + 87. Let q = 15 + 5. What is the remainder when g is divided by q?
17
Suppose -159*v + 5294 + 4635 + 2314 = 0. Calculate the remainder when 553 is divided by v.
14
Let b(x) = 5*x**2 + 79*x + 323. Suppose -5*y - 50 = -10. Calculate the remainder when b(-6) is divided by ((-22)/(-4))/((-4)/y).
7
Let d = -1455 + 1465. What is the remainder when 1847 is divided by d?
7
Suppose 5*v = x + 4*x - 11545, -5*v = 3*x - 6903. What is the remainder when x is divided by 77?
73
Let h(s) = -8*s**2 - 4*s + 24. Let j be h(3). Let r = j + 84. Calculate the remainder when 67 is divided by r.
19
Let y = -3016 + 3389. Calculate the remainder when y is divided by 21.
16
Let q = 49 + -50. Let r be q/3*-3*7. Suppose n = -5*i - 11, 4*i + 76 = r*n - 3*n. Calculate the remainder when 39 is divided by n.
11
Suppose 5*y - 2*y = 36. Suppose 5*u + y = 7*u + 4*l, -3*u - 32 = -4*l. Let c(j) = -j**3 - j**2 - 10*j - 7. Calculate the remainder when c(u) is divided by 7.
4
Let p(z) = 36*z**2 + 107*z + 15. What is the remainder when p(4) is divided by 335?
14
Suppose 30 = 8*m + 342. Let v be 49 + -2*2/4. Let i = v + m. What is the remainder when 70 is divided by i?
7
Suppose g - 11 - 16 = 0. What is the remainder when (14/(-3))/((-2702)/171384) is divided by g?
26
Let k(v) = 2*v**3 + 4*v**2 - 73*v - 18. Calculate the remainder when 240 is divided by k(6).
0
Let f = 287 + -88. Suppose -145*k = -2038 + 298. Calculate the remainder when f is divided by k.
7
What is the remainder when 2074 is divided by 174 - ((-13)/((-364)/(-16)))/((-6)/21)?
10
Suppose 182 = 5*j - 83. Let p(d) = 2*d**2 + 28. What is the remainder when p(-8) is divided by j?
50
Let v be (-2 + 0)*39/(-2). Suppose -5*b + 2*z = -60 - 6, 3*b - z = v. Calculate the remainder when (165/(-2))/(-5)*2 is divided by b.
9
Suppose 234 = -3*d + 660. Let q = -6908 - -6944. What is the remainder when d is divided by q?
34
Let q be (-1*30/(-6))/((-1)/(-1)). Suppose -q*y + 17 = s, -2*y - y - 47 = -2*s. Calculate the remainder when 175 is divided by s.
21
Let c(r) = -3*r**2 + 141. Let g be c(0). Suppose 363 = 6*s - g. Calculate the remainder when s is divided by 43.
41
Suppose 4921 + 37423 = 4*v + 4*h, 0 = -5*h + 25. What is the remainder when v is divided by 147?
144
Let d(p) = p**3 - 9*p**2 + 15*p - 10. Let q be d(7). Let v be (-1896)/(-84) - q/7. Suppose v*u - 24*u = -29. What is the remainder when 142 is divided by u?
26
Suppose 14*z = -5*a - 0*a + 162, -90 = -4*a + 2*z. What is the remainder when 253 is divided by a?
13
Let s = 11034 + -11033. Calculate the remainder when 18 is divided by s.
0
Suppose 7*s + 65 = 5*h + 6*s, 4*s + 52 = 4*h. Let v = 23 + -13. Calculate the remainder when h is divided by v.
3
Suppose -397*k + 400*k = -15. What is the remainder when (-1425)/k - (-4 + 5 + 2) is divided by 41?
36
Suppose -k = x + 4*k + 180, -2*x - 344 = 2*k. Let q be (-1230)/(-51) - (-20)/x. Suppose -2*o = -0*o - q. Calculate the remainder when 154 is divided by o.
10
Let o(a) = -21*a - 108. Let h(g) = 6*g + 31. Let j(y) = 18*h(y) + 5*o(y). What is the remainder when j(6) is divided by 9?
0
What is the remainder when 827 is divided by 11/(-275) + 5804/100?
15
Suppose -165 = -2*f - 15. Let q = -35 + f. Let w = -235 - -392. Calculate the remainder when w is divided by q.
37
Let t(r) = -10*r + 289. Let v be t(27). Suppose -45*z + 46*z = -5, z - v = -j. What is the remainder when 44 is divided by j?
20
Suppose -301 = 227*z - 234*z. Suppose 2*y - 44 + 12 = 0. What is the remainder when z is divided by y?
11
Let n(o) = -3*o**2 - 13*o + 14. Suppose 5 - 3 = u. Calculate the remainder when n(-4) is divided by u.
0
Let j(i) = -i**3 + i - 3. Let o be j(0). Let g = 11 + -6. Calculate the remainder when g is divided by 1 + 1 - (1 + o).
1
Let j(i) = -2*i - 76. Let y be j(0). Let f = y - -181. Calculate the remainder when f is divided by 18.
15
Suppose -4001 = -402*s + 4269 + 15046. Let r(j) = j + 20. What is the remainder when s is divided by r(0)?
18
Suppose 94*n = -130*n - 220*n + 239760. Calculate the remainder when 2179 is divided by n.
19
Let o be -1*(0 + -2 + -2). Suppose o*h - 73 = 91. Let q = h - 25. What is the remainder when 30 is divided by q?
14
Let d = -1388 + 1599. Calculate the remainder when 227 is divided by d.
16
Suppose -480*h + 483*h + 2*p - 119 = 0, -h - 4*p + 63 = 0. What is the remainder when 693 is divided by h?
28
Suppose 0 = 5*m + 63 - 168. Suppose 199*z + 6 = 198*z. What is the remainder when (z - -7)*-3 - -42 is divided by m?
18
Suppose -3*v + 126 = 18*v. Calculate the remainder when (3807/108)/(v/8) is divided by 13.
8
Suppose 23 - 11 = 4*z. Let s(b) = -b**3 + 10*b**2 - 2*b + 4. Calculate the remainder when s(z) is divided by 23.
15
Let t(k) be the first derivative of 7*k**3/3 + 5*k**2 + 20*k + 18. Let x be t(-6). Suppose 38*m + x = 42*m. Calculate the remainder when m is divided by 19.
15
Suppose -49*g + 15*g + 1508 = -8*g. Suppose 0 = 5*b - 4*m - 20 - 26, -5*b = m - 26. Calculate the remainder when g is divided by b.
4
Suppose -4*o + 5*g = -37169, 0 = 4*o - g - 17689 - 19492. Suppose -61*h + o = -5*h. Calculate the remainder when h is divided by 20.
6
Let m = 290 + -285. Suppose b - 2*b - m = 0, -22 = -o - 2*b. Calculate the remainder when o is divided by ((-18)/2 - -2)*-1.
4
Let s = 20211 + -20085. Calculate the remainder when 3777 is divided by s.
123
Let q = -514 + 272. Let m = -238 - q. What is the remainder when 58 is divided by m?
2
Let k(l) = 4*l + 59. Suppose 0 = -3*g, 3*i = -244*g + 239*g + 489. What is the remainder when i is divided by k(-11)?
13
Let a = 77 - 73. What is the remainder when 63 is divided by -8*a/(-8) + 30?
29
Let r = 9925 - 9656. Calculate the remainder when r is divided by 37.
10
Let w(u) = 407*u - 1047. Calculate the remainder when w(3) is divided by 40/(-6)*(-6)/5.
6
Suppose 478 + 59 = 3*q. Suppose -l - 2 + 8 = t, 5*l - 10 = 0. Suppose 54 = 2*o - 3*d, 4*d - 43 - 85 = -t*o. Calculate the remainder when q is divided by o.
29
Suppose -2*x + 3 + 3 = 0. Suppose x*m = -2*m + 145. Suppose -44*l - 4*n + 5479 + 2133 = 0, -3*l + n = -3*l + 22. Calculate the remainder when l is divided by m.
26
Let w(h) = 2*h**2 + 57*h + 356. Calculate the remainder when 4639 is divided by w(-7).
19
Suppose 542 = 13*w - 1447. Suppose 25 = 2*k - w. Let j(u) = 2*u - 9. Calculate the remainder whe